{"id":61,"date":"2020-01-23T18:21:52","date_gmt":"2020-01-23T18:21:52","guid":{"rendered":"https:\/\/demosites.io\/web-agency-gb\/?page_id=61"},"modified":"2023-09-13T12:45:00","modified_gmt":"2023-09-13T10:45:00","slug":"15c42-web-agency-gb-about-us","status":"publish","type":"page","link":"https:\/\/west-handel.com\/?page_id=61","title":{"rendered":"Dienstleistungen"},"content":{"rendered":"\n<div class=\"wp-block-cover alignfull\" style=\"min-height:303px;aspect-ratio:unset;\"><span aria-hidden=\"true\" class=\"wp-block-cover__background has-nv-light-bg-background-color has-background-dim-100 has-background-dim\"><\/span><div class=\"wp-block-cover__inner-container is-layout-flow wp-block-cover-is-layout-flow\">\n<div class=\"wp-block-group\"><div class=\"wp-block-group__inner-container is-layout-flow wp-block-group-is-layout-flow\">\n<div class=\"wp-block-columns is-layout-flex wp-container-core-columns-is-layout-9d6595d7 wp-block-columns-is-layout-flex\">\n<div class=\"wp-block-column is-layout-flow wp-block-column-is-layout-flow\"><div class=\"wp-block-image is-style-default\">\n<figure class=\"aligncenter size-full\"><img loading=\"lazy\" decoding=\"async\" width=\"49\" height=\"65\" src=\"https:\/\/west-handel.com\/wp-content\/uploads\/2021\/06\/location-sm.png\" alt=\"\" class=\"wp-image-305\"\/><\/figure>\n<\/div>\n\n\n<h3 class=\"wp-block-heading has-text-align-center has-neve-text-color-color has-text-color\">Verlagerung von Paletten<\/h3>\n<\/div>\n\n\n\n<div class=\"wp-block-column is-layout-flow wp-block-column-is-layout-flow\"><div class=\"wp-block-image is-style-default\">\n<figure class=\"aligncenter size-full\"><img loading=\"lazy\" decoding=\"async\" width=\"49\" height=\"65\" src=\"https:\/\/west-handel.com\/wp-content\/uploads\/2021\/06\/location-sm.png\" alt=\"\" class=\"wp-image-305\"\/><\/figure>\n<\/div>\n\n\n<h3 class=\"wp-block-heading has-text-align-center has-neve-text-color-color has-text-color\">Empfang \/ Versand von versteuertem &amp; unversteuertem Bier sowie Wein<\/h3>\n<\/div>\n\n\n\n<div class=\"wp-block-column is-layout-flow wp-block-column-is-layout-flow\"><div class=\"wp-block-image is-style-default\">\n<figure class=\"aligncenter size-full\"><img loading=\"lazy\" decoding=\"async\" width=\"49\" height=\"65\" src=\"https:\/\/west-handel.com\/wp-content\/uploads\/2021\/06\/location-sm.png\" alt=\"\" class=\"wp-image-305\"\/><\/figure>\n<\/div>\n\n\n<h3 class=\"wp-block-heading has-text-align-center has-neve-text-color-color has-text-color\">Selbstst\u00e4ndige Transportabwicklung<\/h3>\n<\/div>\n<\/div>\n<\/div><\/div>\n<\/div><\/div>\n\n\n\n<p><strong>Transport unter Steueraussetzung<\/strong><\/p>\n\n\n\n<p>Das Transportieren von verbrauchsteuerpflichtigen Waren innerhalb der EU erfordert ein sorgf\u00e4ltiges Management, insbesondere wenn die Verbrauchsteuer vorerst nicht entrichtet werden soll. In solchen F\u00e4llen, beispielsweise wenn die Ware nicht am Einfuhrort verbleibt, sondern in einen anderen EU-Mitgliedstaat weitertransportiert werden soll, bietet sich die M\u00f6glichkeit der Steueraussetzung an. Dieses Verfahren steht ausschlie\u00dflich Gewerbetreibenden offen, die entweder ein eigenes Steuerlager besitzen oder als registrierte Versender zugelassen sind.<\/p>\n\n\n\n<p><strong>Sicherheitsleistung<\/strong><\/p>\n\n\n\n<p>F\u00fcr den Transport unter Steueraussetzung in andere EU-Mitgliedstaaten ist es erforderlich, dass der Versender \u2013 sei es der Inhaber des Steuerlagers oder der registrierte Versender \u2013 eine Sicherheit f\u00fcr die Bef\u00f6rderung stellt. Diese Sicherheit muss in allen EU-Mitgliedstaaten g\u00fcltig sein. Unter bestimmten Voraussetzungen kann auch das zust\u00e4ndige Hauptzollamt auf Antrag genehmigen, dass die erforderliche Sicherheit durch den Bef\u00f6rderer, den Eigent\u00fcmer oder den Empf\u00e4nger der verbrauchsteuerpflichtigen Waren geleistet wird. Die Sicherheitsleistung kann in Form einer Gesamtb\u00fcrgschaft, einer Einzelb\u00fcrgschaft oder als Barsicherheit erbracht werden.<\/p>\n\n\n\n<p><strong>Das EMCS-Verfahren<\/strong><\/p>\n\n\n\n<p>F\u00fcr den Transport von verbrauchsteuerpflichtigen Waren unter Steueraussetzung kommt zwingend das elektronische Verfahren EMCS (Excise Movement and Control System) zum Einsatz. Dieses Verfahren erm\u00f6glicht eine effiziente und rechtskonforme Abwicklung der Transporte und tr\u00e4gt dazu bei, die gesetzlichen Anforderungen zu erf\u00fcllen.<\/p>\n\n\n\n<p><strong>Rechtsgrundlagen<\/strong><\/p>\n\n\n\n<p>Die rechtlichen Grundlagen f\u00fcr das Transportverfahren unter Steueraussetzung sind in verschiedenen Gesetzen verankert, darunter das Branntweinmonopolgesetz (\u00a7 140 BranntwMonG), das Biersteuergesetz (\u00a7 11 BierStG), das Schaumweinzwischengesetz (\u00a7 11 SchaumwZwStG), und das Tabaksteuergesetz (\u00a7 12 TabStG).<\/p>\n\n\n\n<p><strong>Was wir f\u00fcr Sie tun k\u00f6nnen<\/strong><\/p>\n\n\n\n<p>Wir bieten Ihnen einen umfassenden Full-Service im Rahmen des EMCS-Verfahrens f\u00fcr Transporte nach Deutschland und gew\u00e4hrleisten kurze Anfahrtswege und eine schnelle Abwicklung Ihrer Transporte. Dank unserer Expertise und effizienten Prozesse k\u00f6nnen wir kurze Standzeiten garantieren, um Ihren Transport reibungslos und zeitnah durchzuf\u00fchren. Verlassen Sie sich auf uns, um Ihre verbrauchsteuerpflichtigen Waren sicher und gesetzeskonform zu transportieren.<\/p>\n","protected":false},"excerpt":{"rendered":"<p>Transport unter Steueraussetzung Das Transportieren von verbrauchsteuerpflichtigen Waren innerhalb der EU erfordert ein sorgf\u00e4ltiges Management, insbesondere wenn die Verbrauchsteuer vorerst nicht entrichtet werden soll. In solchen F\u00e4llen, beispielsweise wenn die Ware nicht am Einfuhrort verbleibt, sondern in einen anderen EU-Mitgliedstaat weitertransportiert werden soll, bietet sich die M\u00f6glichkeit der Steueraussetzung an. Dieses Verfahren steht ausschlie\u00dflich Gewerbetreibenden&hellip;&nbsp;<a href=\"https:\/\/west-handel.com\/?page_id=61\" rel=\"bookmark\">Weiterlesen &raquo;<span class=\"screen-reader-text\">Dienstleistungen<\/span><\/a><\/p>\n","protected":false},"author":1,"featured_media":0,"parent":0,"menu_order":0,"comment_status":"closed","ping_status":"closed","template":"","meta":{"neve_meta_sidebar":"default","neve_meta_container":"default","neve_meta_enable_content_width":"on","neve_meta_content_width":100,"neve_meta_title_alignment":"","neve_meta_author_avatar":"","neve_post_elements_order":"","neve_meta_disable_header":"","neve_meta_disable_footer":"","neve_meta_disable_title":"on","_themeisle_gutenberg_block_has_review":false,"footnotes":""},"class_list":["post-61","page","type-page","status-publish","hentry"],"_links":{"self":[{"href":"https:\/\/west-handel.com\/index.php?rest_route=\/wp\/v2\/pages\/61","targetHints":{"allow":["GET"]}}],"collection":[{"href":"https:\/\/west-handel.com\/index.php?rest_route=\/wp\/v2\/pages"}],"about":[{"href":"https:\/\/west-handel.com\/index.php?rest_route=\/wp\/v2\/types\/page"}],"author":[{"embeddable":true,"href":"https:\/\/west-handel.com\/index.php?rest_route=\/wp\/v2\/users\/1"}],"replies":[{"embeddable":true,"href":"https:\/\/west-handel.com\/index.php?rest_route=%2Fwp%2Fv2%2Fcomments&post=61"}],"version-history":[{"count":8,"href":"https:\/\/west-handel.com\/index.php?rest_route=\/wp\/v2\/pages\/61\/revisions"}],"predecessor-version":[{"id":380,"href":"https:\/\/west-handel.com\/index.php?rest_route=\/wp\/v2\/pages\/61\/revisions\/380"}],"wp:attachment":[{"href":"https:\/\/west-handel.com\/index.php?rest_route=%2Fwp%2Fv2%2Fmedia&parent=61"}],"curies":[{"name":"wp","href":"https:\/\/api.w.org\/{rel}","templated":true}]}}